3/3 - 3*z**2. Let d be 90/(-25)*((-9)/15 + 31/10). Calculate o(d).
10
Let v = 403 + -198. Let h(z) = 4*z**2 - 5*z**2 + 204 - 6*z - v. Determine h(-6).
-1
Let x(g) = 8*g - 26. Let i(a) = 4*a. Let r(m) = -5*m + 1. Let j(n) = 7*i(n) + 6*r(n). Let d(z) = -18*j(z) - 4*x(z). Calculate d(4).
12
Let m(j) = -17*j**3 - 2*j**2 + 4*j - 3. Suppose -4*h + 753 = 749. Determine m(h).
-18
Let y(z) be the first derivative of -z**4/4 + 13*z**3/3 - z**2/2 + 20*z - 1889. Determine y(13).
7
Let v(b) = 22*b + 2*b**2 + 12 + 54 + 10 - 77. Calculate v(-11).
-1
Suppose 35*t = 34*t + 5*v - 27, 6*t - 34 = 2*v. Let w(c) be the second derivative of c**4/12 - 7*c**3/6 - 5*c**2/2 - c. Determine w(t).
3
Let g(y) be the third derivative of y**4/24 - 13*y**3/6 + 4*y**2. Suppose 0 = -5*k - 112 + 372. Suppose k*i = 62*i. What is g(i)?
-13
Let q(r) be the second derivative of -r**5/20 + r**4/2 + 5*r**3/6 + 5*r**2 - 127429*r. Let k = -11 - -18. What is q(k)?
-4
Let b(d) be the second derivative of d**6/120 + d**5/10 + d**4/3 + d**3/2 + 99*d**2/2 + 30*d - 2. Let z(r) be the first derivative of b(r). Give z(-5).
-12
Let k = 41 + -48. Let h(y) be the second derivative of -y**5/20 - 7*y**4/12 + y**3/6 + 3*y**2/2 + 157*y - 2. Give h(k).
-4
Let i(d) = -16 - 678*d + 1297*d - 634*d + d**2. Calculate i(11).
-60
Suppose -5*x - 20 = 0, 10*f - 2*x - 44 = 6*f. Let y(q) = -25*q**2 - 8*q - 9. Let t(u) = 6*u**2 + 2*u + 2. Let m(d) = f*t(d) + 2*y(d). What is m(-2)?
12
Let z be 13*(-40 - -39 - -7)*(-2)/(-52). Let u(j) = -3*j - 4. Let m(h) = -h. Let b = -2 - -3. Let w(s) = b*u(s) - 6*m(s). Give w(z).
5
Let b(j) be the third derivative of -j**6/360 + 2*j**5/15 + j**4/8 + 39*j**3/2 + 27*j**2 - j. Let y(s) be the first derivative of b(s). What is y(16)?
3
Let k(m) be the first derivative of 23 + 5/24*m**4 - 11/3*m**3 + 0*m**2 + 1/40*m**5 + 0*m. Let v(y) be the third derivative of k(y). Determine v(-4).
-7
Suppose -x + 6*x - 2*y + 5 = 0, y = 5*x + 10. Let m be (-2)/8 - 236/16 - x. Let h be 53/11 - m/66. Let d(a) = -a**3 + 4*a**2 + 5*a + 7. Give d(h).
7
Let z(v) = 9*v**2 - 2*v - 2. Let i be (-1)/(-1*(1 - 2)). Let q(k) = -k**2 - k - 1. Let x = 16 - 13. Let w(t) = i*z(t) + x*q(t). Give w(-1).
-12
Suppose 48009*n - 3 = 48008*n. Let z(m) be the second derivative of -1/6*m**n + 1/2*m**2 + 26*m + 0. Calculate z(-4).
5
Let q(o) = -o - 6. Let s be q(-9). Suppose 2*l + s = l. Let p be 6*(3 + 11/l). Let g(b) = -b**3 - 4*b**2 + 2*b + 5. Determine g(p).
-3
Let l(s) = -10*s - 59. Let z(o) = 13*o + 7. Let r be z(-1). Let y be l(r). Let v(f) = 4*f**3 + f - 1. Give v(y).
4
Let x(u) = -2*u - 1. Let c(n) = -3*n**2 - 3*n. Let f(v) = -c(v) - 4*x(v). What is f(-4)?
8
Let t(d) be the third derivative of d**5/60 + 7*d**4/24 - 3*d**3/2 - d**2. Let p be (4 - -4) + (144 - 160). Give t(p).
-1
Let p(t) = -85*t + 8590. Let s be p(101). Let g(x) be the third derivative of 0*x + 1/60*x**s + 1/6*x**3 - 28*x**2 + 1/4*x**4 + 0. Give g(-7).
8
Let t = -116 - -121. Let c(r) = 0 - 2*r - 1 + t. What is c(5)?
-6
Let r(n) = -2*n**2 - 3*n. Suppose 4*u - 547 = 5*h, -7*h - u = -9*h - 223. Let k = 58 - -53. Let y = k + h. Calculate r(y).
-20
Suppose 8*g + 6 = 10*g. Let w(m) = -m**g - 3392 - m**2 + 3389 + m**3 - m**3. Determine w(0).
-3
Let f be (6 + -66)/6 - -7. Let u(k) = -2*k - k**2 + 3 + 2*k. Give u(f).
-6
Let u(i) = 5*i - 3. Let n be -8 + -21*(-7)/21. Let o be (-3)/((-21)/12 - n). Determine u(o).
17
Suppose l = -11*l + 24. Let g(t) = -2*t**l + 13*t + 17*t - 3*t**2 - 2 - 32*t. Let s(f) = -3*f + 16. Let b be s(6). Give g(b).
-18
Let v(f) be the third derivative of -f**6/120 + f**5/60 - 5*f**3/2 + 2*f**2. Let x(g) = g**3 - 69*g**2 + 113*g - 3060. Let d be x(68). Calculate v(d).
-15
Let y = 128 - 40. Let w = 98 - y. Let o(t) be the first derivative of t**2/2 - 2*t + 2. Give o(w).
8
Let d(i) be the third derivative of i**6/120 + i**5/10 + i**4/12 + i**3/6 - 178*i**2. Let k(m) = m**3 + 3*m**2 + 2*m - 5. Let y be k(0). Give d(y).
16
Let f(r) = 4*r - 4. Let n be 7 - 55/(-11) - (-4 - -14). Give f(n).
4
Suppose -30*p + 149 = 46*p + 68 + 5. Let o(s) be the third derivative of 0*s + 0*s**3 + 1/24*s**4 + 13/60*s**5 - s**2 + 0. Determine o(p).
14
Let f = 59 - 67. Let x(u) = -20*u - 152. Let h be x(f). Let k(n) be the second derivative of -n**3/6 + 5*n**2 + 6*n. What is k(h)?
2
Suppose -8*u + 8 = -6*u. Suppose -o = -u*q - 20, 5*o - 34 = q - 3*q. Let t(r) = -10*r**2 - 6*r + 3*r**2 - r**2 - 10 + 9*r**2. Give t(o).
6
Let i be (-29)/(4/6 - (-56)/(-48)). Suppose i = -4*g + 18. Let f(x) = -x**2 - 10*x - 15. Determine f(g).
-15
Let u(a) = 14*a**2 - 45*a + 10. Let j(n) = 14*n**2 - 38*n + 9. Let k(c) = -6*j(c) + 5*u(c). Give k(2).
-54
Suppose -34*r = -1502 + 1604. Let l(c) = c**2 - 7*c - 31. Determine l(r).
-1
Let c = 5 - 2. Let q(p) = 4*p + 4. Let d(f) = 5*f + 5. Let m(j) = -2*d(j) + 3*q(j). Let n(u) = 1. Let s(b) = m(b) + 2*n(b). What is s(c)?
10
Let z(d) = -d - 14. Let r = 8 - 20. Let q be z(r). Let p(t) be the first derivative of -2*t**3/3 - t**2 + 6. Calculate p(q).
-4
Suppose -4 = -p + 1. Let g(d) = -2 - p*d + 2 + 13*d + 3. Suppose -18 = -4*v - 34, -5*v = -b + 18. What is g(b)?
-13
Let z = 4 + -7. Let s(b) be the third derivative of b**4/24 + 5*b**3/6 + 2*b**2 - 1129*b. Calculate s(z).
2
Let g(u) = -129*u + 69. Let l(d) = -208*d + 104. Let z(v) = 8*g(v) - 5*l(v). What is z(8)?
96
Let l be 94/(-1974)*-77*12/11. Let m(j) be the third derivative of -j**4/8 + 3*j**3/2 - j**2. Determine m(l).
-3
Let w(m) = -3*m**2 + 24*m + 18. Let y(z) = z**2 - 8*z - 6. Let s(j) = -3*w(j) - 8*y(j). Suppose -114 - 774 = -148*t. Calculate s(t).
-18
Let h = -647 + 1946. Let a(x) = 3 - 5 + h*x**3 - 1298*x**3. Calculate a(2).
6
Let z = -129 + 123. Let d(g) = -5*g - 3. Let v(f) = -4*f - 3. Let a(r) = -6*d(r) + 7*v(r). Determine a(z).
-15
Let s be 9/(-72) - (-315)/24. Suppose -s = 28*b + 15. Let a(q) = -14*q + 1. Calculate a(b).
15
Let f(g) be the first derivative of -g**4/4 + 11*g**3/3 + 13*g**2/2 - 9*g - 4797. Calculate f(12).
3
Let y(o) be the second derivative of -1/12*o**4 + 1/3*o**3 + 0 - 12*o + 0*o**2. Give y(-2).
-8
Suppose 0 = 3*f + 3*s + 4 + 8, 0 = f - 5*s - 8. Suppose 3*x - 12 = -6*i + 2*i, -4*x + 5*i = -16. Let w(q) = 2*q**3 + 3*q**3 - 6*q**3 + q - x*q**2. Give w(f).
-10
Let c(v) = v**3 + v**2 - 14*v - 4. Let u be (-256)/(-2432) + (-165)/(-57). What is c(u)?
-10
Let m(w) = 2*w - 4. Let c = 61 - 67. Suppose -61 = 4*u - 2*q - 19, -4*u = -4*q + 48. Let z = u - c. What is m(z)?
-10
Let h(n) = -n**3 - 4*n + 5. Let m(k) = -k**3 - 3*k + 4. Let z(f) = 3*h(f) - 4*m(f). Let w = -515023 - -515021. What is z(w)?
-9
Let m(d) = d**2 - d - 1. Let h = 283 - 281. Suppose -4*t - 3*v = 0, h*v + 3 = 5*t + 5*v. Calculate m(t).
5
Let u(j) be the second derivative of 0 + 4/3*j**3 + 7/2*j**2 + 138*j. Calculate u(-6).
-41
Let i(o) = o**2 - 41*o + 60. Let c be i(40). Let l(w) = w - 15*w - 4*w + c*w - 5. What is l(7)?
9
Let l(h) = 25*h + 15*h - 39*h + 6. Let r(f) = 7*f - 2. Let t be r(1). Suppose 32 = -t*a - 3. Determine l(a).
-1
Let r(g) be the first derivative of -g**2/2 + 24*g - 1493. Suppose -6*t = -4*t. Determine r(t).
24
Let i(o) = 51403*o**3 + o**2 - 5*o**2 + 3*o - 3 + 3*o**2 - 51408*o**3. Determine i(2).
-41
Let y(b) = b**3 + 12*b**2 + 12*b - 6. Let d be y(-11). Let a(h) = -54*h + 42. Let t be a(d). Let j(x) = -2 + t*x - 4 - 963*x. What is j(-4)?
6
Let k(y) = -y**2 + 4*y + 6. Suppose 2*n = p - 250, -n - 3*n = 8. Let a = 251 - p. Determine k(a).
1
Let l(y) be the first derivative of -y**4/2 + 7*y**3/3 + 3*y**2/2 - 3*y + 649. Give l(4).
-7
Suppose -967 = -76*v + 401. Let f(n) = n**2 - 12*n - 106. Calculate f(v).
2
Let u(f) = -1 + 2*f - 6*f - 4*f - 2*f**2. Let z be 3/(-4)*(-276)/(-36) + 6/(-24). Determine u(z).
-25
Let w(j) = -10*j**3 - 5*j**2 - j. Let f be (42/12 - (-12)/(-8)) + -3. Calculate w(f).
6
Let q(p) = p**3 + 13*p**2 - 42*p - 185. Let c be q(-15). Let y(x) = -x - 31. What is y(c)?
-26
Let l(a) be the third derivative of -a**5/60 - a**4/24 + 5*a**3/6 + 2*a**2. Suppose -5*d + 4*r - 283 = 0, -7*r + 5*r = 5*d + 301. Let o = 59 + d. What is l(o)?
5
Let m(z) be the third derivative of -z**6/120 - 2*z**5/15 - 7*z**4/24 - 2*z**3/3 + 777*z**2. Let x(q) = 4*q - 4. Let u be x(3). Let k = u + -15. Calculate m(k).
-4
Let p(s) = -18*s - 20. Let q = 6956 - 6959. Determine p(q).
34
Let t(y) = -4*y**2 - 